, 3
Let h = 36364 - 20870. List the prime factors of h.
2, 61, 127
Suppose -2*u + 3*o - 1 = 0, -10 = -u - 2*o - 0*o. Suppose -2058 = -u*k + 242. What are the prime factors of k?
5, 23
Suppose -8 = -c + 2*b, -b = -5*c - 22 + 53. Suppose -c*x + 156 = 54. List the prime factors of x.
17
Let w(r) = -r**2 + 3*r - 5. Let o be w(8). Let j be ((-54)/o)/(4/10). Suppose -4*m + j*m = -15. List the prime factors of m.
3, 5
Suppose -2814837 = -349*y + 10158540. What are the prime factors of y?
3, 12391
Suppose -5*o + 771 = -3*w - 53, 5*o - 820 = 5*w. Let d = -91 + o. Suppose -2*l + d = -249. List the prime factors of l.
2, 3
Suppose 0 = 5*p + l - 44, 0 = -0*p - 5*p - 5*l + 60. Suppose -p*s - z - 6525 = -13*s, -s + 3*z + 1291 = 0. What are the prime factors of s?
2, 653
Suppose 13*f = -2*i + 7*i + 169687, 3*i + 13045 = f. List the prime factors of f.
2, 61, 107
Suppose -34*c - 3093 = -37*c. Suppose c + 1481 = 4*w. List the prime factors of w.
2, 157
Let z = 894 + 603. List the prime factors of z - (6 + (-1 - -1)).
3, 7, 71
Let l(y) = -27*y**3 - 56*y**2 - 294*y - 24. What are the prime factors of l(-5)?
11, 311
Let m = 391 + -387. Suppose -4451 = -m*x - 3*j, 0 = -x - 5*j + 1269 - 135. What are the prime factors of x?
1109
Suppose -j = 2*b + j - 4688, 5*b = 5*j + 11700. List the prime factors of b.
2, 1171
What are the prime factors of 525716/26 + -1 - 62/(-403)?
20219
Let c(b) = 3*b**3 - b**2 + 1. Let x be c(1). Suppose 0 = -i - 4*j + 339, -i + x*j + 2*j + 357 = 0. List the prime factors of i.
347
Let i(a) = -a**2 + 7*a - 14. Let x be i(6). Let q(d) = -d**3 - 7*d**2 + 5*d. Let u be q(x). List the prime factors of (-1)/(u/(-23) - -1).
23
Suppose -2*k + 2325 = 3*u - 68, 4*u - 3189 = -3*k. List the prime factors of u.
3, 89
Suppose 20*g = -59 - 61. Let y(q) = -2*q**3 - 4*q**2 - 7*q + 5. What are the prime factors of y(g)?
5, 67
Let c(s) = 4*s + 4. Let d be c(0). Let x be 6/d*(-4)/(-6). What are the prime factors of 94 + -4 + x + 0?
7, 13
Suppose 10*a + 10 = 30. Suppose 0 = 2*c + 2*c + a*m - 1780, 0 = 4*c + 4*m - 1776. List the prime factors of c.
2, 223
Let x be (-112)/(-24) + 6/(-9). Suppose -x*p = -0*q + 4*q + 12, 3*p = q + 11. List the prime factors of ((-93)/p)/((-9)/6).
31
Suppose 4*b = -258 + 2722. Suppose 3*t - b = -4*t. List the prime factors of t.
2, 11
Let t be (-45)/(-12) + 1 - 4/(-16). Let w(u) = -4 - 9*u + 2 + 2 + 5*u**2 + 1. List the prime factors of w(t).
3
Let d(w) = -1204*w + 1181*w - 3 - 15 + w**2. What are the prime factors of d(-7)?
2, 3
Let q(f) = 13*f**2 + f - 18. List the prime factors of q(11).
2, 3, 29
Suppose 237*f = 239*f - 17232. List the prime factors of f.
2, 3, 359
Suppose 0 = -4*c + 3*t + 57, -7*c + 6*c - t = -23. Let k(z) = 7*z + 402. What are the prime factors of k(c)?
2, 3, 11
Let u(v) = v**3 + 5*v**2 - 11*v + 24. Suppose o - 4 + 11 = 0. Let n be u(o). Suppose -n*w = 5 - 98. What are the prime factors of w?
31
Let v = -243 - -234. What are the prime factors of (324/(-5))/(v + (-5364)/(-600))?
2, 3, 5
Suppose -7 = t - 3. Suppose -13 = 4*i + 35. List the prime factors of (-1746)/i*t/(-6).
97
Let m(l) = 4*l - 18. Suppose 0 = -3*h - 2*w - 29, -3*h + 3*w - 25 = -1. Let c be m(h). Let d = c + 113. List the prime factors of d.
59
Let n = 1062 + 2704. List the prime factors of n.
2, 7, 269
Suppose 0 = -7*p + 4*p + 27. Suppose -5*q + p = -21. Suppose -3*c = -q*c + 276. List the prime factors of c.
2, 23
Suppose -3*c + 716534 = 26*c - 3*c. What are the prime factors of c?
7, 31, 127
List the prime factors of (-14)/(-2) - (-83 - 3517).
3607
Let z(w) = -2*w**2 - 11*w - 1. Let j be z(-5). Suppose -5*i = -5, j*s - 551 = i - 0*i. List the prime factors of s.
2, 3, 23
Let g(m) = 22*m**2 - 4*m - 25. Let j be g(-5). Suppose 3*o + 3*l = 30 - 3, -5*o + 15 = -5*l. Suppose 0 = 11*u - o*u - j. What are the prime factors of u?
109
Suppose -140*w = -128*w - 63600. What are the prime factors of w?
2, 5, 53
Let u be (-10 - -41) + 0 + 2. Let m be (-1)/(-2)*8/12*u. What are the prime factors of ((-32)/22)/8 - (-453)/m?
41
Let a(g) = -7*g**2 - 11*g + 11. Let k be a(1). What are the prime factors of ((-18)/9 - k/2)*446?
3, 223
Let r = -336 + 551. Let g = 318 - r. What are the prime factors of g?
103
Let d = 91 + -141. Let o = d + 131. What are the prime factors of o?
3
Suppose 25*h - 247892 = -73742. What are the prime factors of h?
2, 3, 43
Suppose 273739 = 23*s - 797739. What are the prime factors of s?
2, 23293
What are the prime factors of 2/((-75112)/(-45060) - (-85)/(-51))?
2, 5, 751
Let c(m) = -2*m + 14. Let n be c(7). Suppose -4*d - 8 = 0, 3*p - 10 = -n*d + 2*d. Suppose 0 = 5*s, -5*s + 705 = -p*v + 7*v. What are the prime factors of v?
3, 47
Let s = -4060 + 16796. What are the prime factors of s?
2, 199
Let a(k) = -k + 12. Suppose 4*f - 20 = 0, -4*r = -0*r - 2*f - 2. Suppose -r*x - x + 24 = 0. What are the prime factors of a(x)?
2, 3
Let u(g) = -80*g - 6. Let x be u(8). Let q = -541 - x. What are the prime factors of q?
3, 5, 7
Let g(x) be the third derivative of -x**6/30 - x**5/20 - 7*x**4/24 + 7*x**3/3 - 10*x**2 + 2*x. List the prime factors of g(-5).
2, 3, 79
Let q(v) = 268*v**3 + 2*v**2 - 11*v - 19. List the prime factors of q(4).
3, 13, 439
Suppose -123*i = -132*i + 693. Let s = 989 - i. List the prime factors of s.
2, 3, 19
Let r(x) = -x - 20. Let f be r(10). Let h be (f + 1 + -6)*-135. List the prime factors of (-2)/((-5)/(h/10)).
3, 7
Suppose m = -4*o + 35, 2*m - 3*m = -o + 10. Suppose -o*k - 22 = -4. What are the prime factors of 43/1 + (k - (-3 - -1))?
43
Let b be -1*1/((1 + -4)/21). Suppose 0 = -b*o + 41 + 414. What are the prime factors of o - (-4)/10*-5?
3, 7
Let s(a) = -6*a**3 - 9*a**2 - 62*a - 1280. List the prime factors of s(-19).
3, 12601
Let r be (-88)/(-16) + (-1)/(-2). Suppose -38*v + r = -36*v. Suppose -2*c + 2*w + 210 = 0, 0*c + 5*c + v*w - 493 = 0. What are the prime factors of c?
101
Suppose -2*d + 28866 = -27*m + 23*m, -4*d - 2*m = -57742. List the prime factors of d.
5, 2887
Let p = 16223 - 4809. List the prime factors of p.
2, 13, 439
Let f = -69 + 73. Suppose 5*l + 4*z = 78, -f*l + 84 = -0*l - 4*z. Let k = l + 75. What are the prime factors of k?
3, 31
Let g(x) = 7*x + 79. Let z be g(-4). Let u = -13 + 4. Let w = z - u. What are the prime factors of w?
2, 3, 5
Let r be 3 + 2 + 1728 + 7. Suppose -59*s - r = -64*s. List the prime factors of s.
2, 3, 29
Let t = 389 + -386. What are the prime factors of 3*-1*(-636)/18*t?
2, 3, 53
Let t(v) = 2*v**2 + 15*v + 22. List the prime factors of t(-26).
2, 3, 41
Suppose 22 = 3*h + 16. Suppose -5*z = -2*r + 5704, -h*z + r - 2282 = -0*r. What are the prime factors of 1 + z/(-14) + (-148)/(-259)?
83
Let b(d) = -d**3 + 53*d**2 - 67*d + 100. List the prime factors of b(28).
2, 557
Let a(v) = 38*v - 48. Let k(d) = -d - 2. Let h(f) = -a(f) - k(f). List the prime factors of h(-4).
2, 3, 11
Let f be 2 + -8 + 4 + -1 + 0. Let g be (0 - 1)*(32/4)/(-2). List the prime factors of 8 + f + g + 0.
3
Suppose -8*b + 744 = -112. Suppose 8*l - b = -27. Suppose 356 = -l*t + 1066. List the prime factors of t.
71
Let p(j) = 3*j**3 - 20*j**2 + 5*j. Let g be p(7). List the prime factors of 2*((-4)/6 + 60494/g).
1439
Let a be (-6)/(-15)*(3 + (-5)/10). List the prime factors of 8/a + 8 + -5.
11
Suppose 9*j = 9043 + 191. Suppose 0 = -0*d + 9*d - j. Suppose -4*h + 199 = -5*x, 3*x + 95 = 4*h - d. What are the prime factors of h?
2, 7
What are the prime factors of 2*2994/(-5)*-10?
2, 3, 499
Suppose 38*z - 34*z = -5*p + 71390, -4*p = 2*z - 35686. What are the prime factors of z?
5, 3571
Let m(f) = -34*f + 5. Suppose 0 = u + 5, c - u = -0*c + 9. Suppose w + 3*d + 5 = 18, -3*w = -c*d + 26. What are the prime factors of m(w)?
73
Suppose -183*z = -17975 - 343730 - 531518. List the prime factors of z.
3, 1627
Let f(c) = c**3 - 3*c**2 - 12. Let b be f(4). Suppose -b*k = 4*z - 2904, -5*z - 33*k = -32*k - 3626. List the prime factors of z.
5, 29
Let w be (-9*2)/(-2) - (-10 + 8). Suppose 1779 = w*o - 1785. What are the prime factors of o?
2, 3
Let o = -294 + -281. List the prime factors of 3/1 - (o - 2).
2, 5, 29
Let i = 9774 - 7833. List the prime factors of i.
3, 647
Let u(w) = 2*w**3 + 5*w**2 + 13. Let d be u(-3). What are the prime factors of (1 + 502/d)/(56/112)?
11, 23
Let n(f) = -144*f - 717. List the prime factor